[INFO] cloning repository https://github.com/Mutualideas/lyfcal
[INFO] running `Command { std: "git" "-c" "credential.helper=" "-c" "credential.helper=/workspace/cargo-home/bin/git-credential-null" "clone" "--bare" "https://github.com/Mutualideas/lyfcal" "/workspace/cache/git-repos/https%3A%2F%2Fgithub.com%2FMutualideas%2Flyfcal", kill_on_drop: false }`
[INFO] [stderr] Cloning into bare repository '/workspace/cache/git-repos/https%3A%2F%2Fgithub.com%2FMutualideas%2Flyfcal'...
[INFO] running `Command { std: "git" "rev-parse" "HEAD", kill_on_drop: false }`
[INFO] [stdout] cc175e60b86b83c111b7c216cb00f85f3856c2a8
[INFO] checking Mutualideas/lyfcal against master#e6e4f7ed1589e03bc2f6c5931c1a72e7947e8682 for beta-170-4
[INFO] running `Command { std: "git" "clone" "/workspace/cache/git-repos/https%3A%2F%2Fgithub.com%2FMutualideas%2Flyfcal" "/workspace/builds/worker-1-tc2/source", kill_on_drop: false }`
[INFO] [stderr] Cloning into '/workspace/builds/worker-1-tc2/source'...
[INFO] [stderr] done.
[INFO] validating manifest of git repo https://github.com/Mutualideas/lyfcal on toolchain e6e4f7ed1589e03bc2f6c5931c1a72e7947e8682
[INFO] running `Command { std: CARGO_HOME="/workspace/cargo-home" RUSTUP_HOME="/workspace/rustup-home" "/workspace/cargo-home/bin/cargo" "+e6e4f7ed1589e03bc2f6c5931c1a72e7947e8682" "metadata" "--manifest-path" "Cargo.toml" "--no-deps", kill_on_drop: false }`
[INFO] started tweaking git repo https://github.com/Mutualideas/lyfcal
[INFO] finished tweaking git repo https://github.com/Mutualideas/lyfcal
[INFO] tweaked toml for git repo https://github.com/Mutualideas/lyfcal written to /workspace/builds/worker-1-tc2/source/Cargo.toml
[INFO] crate git repo https://github.com/Mutualideas/lyfcal already has a lockfile, it will not be regenerated
[INFO] running `Command { std: CARGO_HOME="/workspace/cargo-home" RUSTUP_HOME="/workspace/rustup-home" "/workspace/cargo-home/bin/cargo" "+e6e4f7ed1589e03bc2f6c5931c1a72e7947e8682" "fetch" "--manifest-path" "Cargo.toml", kill_on_drop: false }`
[INFO] running `Command { std: "docker" "create" "-v" "/var/lib/crater-agent-workspace/builds/worker-1-tc2/target:/opt/rustwide/target:rw,Z" "-v" "/var/lib/crater-agent-workspace/builds/worker-1-tc2/source:/opt/rustwide/workdir:ro,Z" "-v" "/var/lib/crater-agent-workspace/cargo-home:/opt/rustwide/cargo-home:ro,Z" "-v" "/var/lib/crater-agent-workspace/rustup-home:/opt/rustwide/rustup-home:ro,Z" "-e" "SOURCE_DIR=/opt/rustwide/workdir" "-e" "CARGO_TARGET_DIR=/opt/rustwide/target" "-e" "CARGO_HOME=/opt/rustwide/cargo-home" "-e" "RUSTUP_HOME=/opt/rustwide/rustup-home" "-w" "/opt/rustwide/workdir" "-m" "1610612736" "--user" "0:0" "--network" "none" "ghcr.io/rust-lang/crates-build-env/linux@sha256:19e73879b68f455e41552ea35293514db52ea292d993f571636dbffedb77a1ee" "/opt/rustwide/cargo-home/bin/cargo" "+e6e4f7ed1589e03bc2f6c5931c1a72e7947e8682" "metadata" "--no-deps" "--format-version=1", kill_on_drop: false }`
[INFO] [stdout] 4f19d46ea5beaa810885930d227484131b6e8f6d9c376723d2ae67e9c8b40f44
[INFO] running `Command { std: "docker" "start" "-a" "4f19d46ea5beaa810885930d227484131b6e8f6d9c376723d2ae67e9c8b40f44", kill_on_drop: false }`
[INFO] running `Command { std: "docker" "inspect" "4f19d46ea5beaa810885930d227484131b6e8f6d9c376723d2ae67e9c8b40f44", kill_on_drop: false }`
[INFO] running `Command { std: "docker" "rm" "-f" "4f19d46ea5beaa810885930d227484131b6e8f6d9c376723d2ae67e9c8b40f44", kill_on_drop: false }`
[INFO] [stdout] 4f19d46ea5beaa810885930d227484131b6e8f6d9c376723d2ae67e9c8b40f44
[INFO] running `Command { std: "docker" "create" "-v" "/var/lib/crater-agent-workspace/builds/worker-1-tc2/target:/opt/rustwide/target:rw,Z" "-v" "/var/lib/crater-agent-workspace/builds/worker-1-tc2/source:/opt/rustwide/workdir:ro,Z" "-v" "/var/lib/crater-agent-workspace/cargo-home:/opt/rustwide/cargo-home:ro,Z" "-v" "/var/lib/crater-agent-workspace/rustup-home:/opt/rustwide/rustup-home:ro,Z" "-e" "SOURCE_DIR=/opt/rustwide/workdir" "-e" "CARGO_TARGET_DIR=/opt/rustwide/target" "-e" "CARGO_INCREMENTAL=0" "-e" "RUST_BACKTRACE=full" "-e" "RUSTFLAGS=--cap-lints=forbid" "-e" "RUSTDOCFLAGS=--cap-lints=forbid" "-e" "CARGO_HOME=/opt/rustwide/cargo-home" "-e" "RUSTUP_HOME=/opt/rustwide/rustup-home" "-w" "/opt/rustwide/workdir" "-m" "1610612736" "--user" "0:0" "--network" "none" "ghcr.io/rust-lang/crates-build-env/linux@sha256:19e73879b68f455e41552ea35293514db52ea292d993f571636dbffedb77a1ee" "/opt/rustwide/cargo-home/bin/cargo" "+e6e4f7ed1589e03bc2f6c5931c1a72e7947e8682" "check" "--frozen" "--all" "--all-targets" "--message-format=json", kill_on_drop: false }`
[INFO] [stdout] 9b196ae065180530ece9eee629f6305bfd52e7654b925eb3520fe2e867050a70
[INFO] running `Command { std: "docker" "start" "-a" "9b196ae065180530ece9eee629f6305bfd52e7654b925eb3520fe2e867050a70", kill_on_drop: false }`
[INFO] [stderr]     Checking libc v0.2.17
[INFO] [stderr]    Compiling bitflags v0.7.0
[INFO] [stderr]    Compiling phf_shared v0.7.17
[INFO] [stderr]     Checking rustc-serialize v0.3.19
[INFO] [stderr]    Compiling kernel32-sys v0.2.2
[INFO] [stderr]     Checking winapi v0.2.8
[INFO] [stderr]    Compiling num-traits v0.1.36
[INFO] [stderr]    Compiling serde v0.8.16
[INFO] [stderr]    Compiling itoa v0.1.1
[INFO] [stderr]    Compiling dtoa v0.2.2
[INFO] [stderr]     Checking lazy_static v0.2.1
[INFO] [stderr]     Checking piston-float v0.2.0
[INFO] [stderr]    Compiling gcc v0.3.37
[INFO] [stderr]     Checking byteorder v0.5.3
[INFO] [stderr]    Compiling xml-rs v0.3.4
[INFO] [stderr]    Compiling rustc_version v0.1.7
[INFO] [stderr]     Checking bitflags v0.6.0
[INFO] [stderr]     Checking piston-viewport v0.2.0
[INFO] [stderr]    Compiling phf v0.7.17
[INFO] [stderr]     Checking draw_state v0.6.0
[INFO] [stderr]    Compiling pkg-config v0.3.8
[INFO] [stdout] error[E0642]: patterns aren't allowed in functions without bodies
[INFO] [stdout]    --> /opt/rustwide/cargo-home/registry/src/index.crates.io-6f17d22bba15001f/rustc-serialize-0.3.19/src/serialize.rs:147:45
[INFO] [stdout]     |
[INFO] [stdout] 147 | ...                   &f_name: &str,
[INFO] [stdout]     |                       ^^^^^^^ pattern not allowed in function without body
[INFO] [stdout] 
[INFO] [stdout] 
[INFO] [stderr]     Checking shader_version v0.2.1
[INFO] [stderr]     Checking crossbeam v0.2.10
[INFO] [stderr]     Checking color_quant v1.0.0
[INFO] [stderr]     Checking odds v0.2.23
[INFO] [stderr]     Checking inflate v0.1.1
[INFO] [stderr]    Compiling rand v0.3.14
[INFO] [stderr]     Checking num_cpus v0.2.13
[INFO] [stderr]     Checking gfx_core v0.4.0
[INFO] [stderr]    Compiling tempfile v2.1.4
[INFO] [stderr]     Checking shared_library v0.1.5
[INFO] [stderr]     Checking fs2 v0.2.5
[INFO] [stderr]     Checking time v0.1.35
[INFO] [stderr]     Checking num-integer v0.1.32
[INFO] [stderr]     Checking memmap v0.2.3
[INFO] [stderr]     Checking nodrop v0.1.8
[INFO] [stderr]     Checking gif v0.9.0
[INFO] [stderr]    Compiling x11-dl v2.11.0
[INFO] [stderr]     Checking piston-texture v0.5.0
[INFO] [stderr]     Checking num-iter v0.1.32
[INFO] [stderr]     Checking scoped_threadpool v0.1.7
[INFO] [stderr]     Checking byteorder v0.4.2
[INFO] [stderr]     Checking arrayvec v0.3.20
[INFO] [stderr]    Compiling gl_generator v0.5.2
[INFO] [stderr]    Compiling miniz-sys v0.1.7
[INFO] [stderr]    Compiling wayland-scanner v0.5.11
[INFO] [stderr]     Checking osmesa-sys v0.1.2
[INFO] [stderr]     Checking stb_truetype v0.2.0
[INFO] [stderr]     Checking vecmath v0.2.0
[INFO] [stderr]     Checking interpolation v0.1.0
[INFO] [stderr]     Checking linked-hash-map v0.0.10
[INFO] [stderr]     Checking deque v0.3.1
[INFO] [stderr]    Compiling phf_generator v0.7.17
[INFO] [stderr]     Checking read_color v0.1.0
[INFO] [stderr]    Compiling phf_codegen v0.7.17
[INFO] [stderr]     Checking rayon v0.4.2
[INFO] [stderr]     Checking rusttype v0.2.1
[INFO] [stderr]     Checking piston-shaders_graphics2d v0.2.1
[INFO] [stderr]     Checking fixedbitset v0.1.5
[INFO] [stderr]     Checking piston2d-graphics v0.17.3
[INFO] [stdout] error: aborting due to previous error
[INFO] [stdout] 
[INFO] [stdout] 
[INFO] [stdout] For more information about this error, try `rustc --explain E0642`.
[INFO] [stdout] 
[INFO] [stderr]    Compiling target_build_utils v0.1.2
[INFO] [stderr] error: could not compile `rustc-serialize` (lib) due to 2 previous errors; 1 warning emitted
[INFO] [stderr] warning: build failed, waiting for other jobs to finish...
[INFO] [stdout] error[E0311]: the parameter type `K` may not live long enough
[INFO] [stdout]   --> /opt/rustwide/cargo-home/registry/src/index.crates.io-6f17d22bba15001f/rusttype-0.2.1/src/support/bst/map.rs:81:19
[INFO] [stdout]    |
[INFO] [stdout] 81 |             match node.force() {
[INFO] [stdout]    |                   ^^^^
[INFO] [stdout]    |
[INFO] [stdout] note: the parameter type `K` must be valid for the anonymous lifetime defined here...
[INFO] [stdout]   --> /opt/rustwide/cargo-home/registry/src/index.crates.io-6f17d22bba15001f/rusttype-0.2.1/src/support/bst/map.rs:78:37
[INFO] [stdout]    |
[INFO] [stdout] 78 |                 node: node::NodeRef<marker::Immut, K, V, marker::LeafOrInternal>)
[INFO] [stdout]    |                                     ^^^^^^^^^^^^^
[INFO] [stdout] note: ...so that the type `K` will meet its required lifetime bounds
[INFO] [stdout]   --> /opt/rustwide/cargo-home/registry/src/index.crates.io-6f17d22bba15001f/rusttype-0.2.1/src/support/bst/map.rs:81:19
[INFO] [stdout]    |
[INFO] [stdout] 81 |             match node.force() {
[INFO] [stdout]    |                   ^^^^
[INFO] [stdout] help: consider adding an explicit lifetime bound...
[INFO] [stdout]    |
[INFO] [stdout] 77 ~         fn clone_subtree<'a, K: Clone + 'a, V: Clone>(
[INFO] [stdout] 78 ~                 node: node::NodeRef<marker::Immut<'a>, K, V, marker::LeafOrInternal>)
[INFO] [stdout]    |
[INFO] [stdout] 
[INFO] [stdout] 
[INFO] [stdout] error[E0311]: the parameter type `V` may not live long enough
[INFO] [stdout]   --> /opt/rustwide/cargo-home/registry/src/index.crates.io-6f17d22bba15001f/rusttype-0.2.1/src/support/bst/map.rs:81:19
[INFO] [stdout]    |
[INFO] [stdout] 81 |             match node.force() {
[INFO] [stdout]    |                   ^^^^
[INFO] [stdout]    |
[INFO] [stdout] note: the parameter type `V` must be valid for the anonymous lifetime defined here...
[INFO] [stdout]   --> /opt/rustwide/cargo-home/registry/src/index.crates.io-6f17d22bba15001f/rusttype-0.2.1/src/support/bst/map.rs:78:37
[INFO] [stdout]    |
[INFO] [stdout] 78 |                 node: node::NodeRef<marker::Immut, K, V, marker::LeafOrInternal>)
[INFO] [stdout]    |                                     ^^^^^^^^^^^^^
[INFO] [stdout] note: ...so that the type `V` will meet its required lifetime bounds
[INFO] [stdout]   --> /opt/rustwide/cargo-home/registry/src/index.crates.io-6f17d22bba15001f/rusttype-0.2.1/src/support/bst/map.rs:81:19
[INFO] [stdout]    |
[INFO] [stdout] 81 |             match node.force() {
[INFO] [stdout]    |                   ^^^^
[INFO] [stdout] help: consider adding an explicit lifetime bound...
[INFO] [stdout]    |
[INFO] [stdout] 77 ~         fn clone_subtree<'a, K: Clone, V: Clone + 'a>(
[INFO] [stdout] 78 ~                 node: node::NodeRef<marker::Immut<'a>, K, V, marker::LeafOrInternal>)
[INFO] [stdout]    |
[INFO] [stdout] 
[INFO] [stdout] 
[INFO] [stdout] error: aborting due to 2 previous errors
[INFO] [stdout] 
[INFO] [stdout] 
[INFO] [stdout] For more information about this error, try `rustc --explain E0311`.
[INFO] [stdout] 
[INFO] [stderr] error: could not compile `rusttype` (lib) due to 3 previous errors
[INFO] running `Command { std: "docker" "inspect" "9b196ae065180530ece9eee629f6305bfd52e7654b925eb3520fe2e867050a70", kill_on_drop: false }`
[INFO] running `Command { std: "docker" "rm" "-f" "9b196ae065180530ece9eee629f6305bfd52e7654b925eb3520fe2e867050a70", kill_on_drop: false }`
[INFO] [stdout] 9b196ae065180530ece9eee629f6305bfd52e7654b925eb3520fe2e867050a70
